{"id":4536,"date":"2024-04-08T22:28:01","date_gmt":"2024-04-09T01:28:01","guid":{"rendered":"https:\/\/radiobellavista.ar\/?page_id=4536"},"modified":"2024-07-31T17:24:39","modified_gmt":"2024-07-31T15:24:39","slug":"noti-municipios-bs-as","status":"publish","type":"page","link":"https:\/\/bellavista.net.ar\/?page_id=4536","title":{"rendered":"Noti Municipios Bs. As."},"content":{"rendered":"<ul class=\"has-dates has-excerpts wp-block-rss\"><li class='wp-block-rss__item'><div class='wp-block-rss__item-title'><a href='https:\/\/municipiosdeargentina.com\/se-viene-la-carrera-aniversario-vuelta-a-los-puentes-que-unira-viedma-y-carmen-de-patagones\/'>Se viene la carrera aniversario \u00abVuelta a los Puentes\u00bb, que unir\u00e1 Viedma y Carmen de Patagones<\/a><\/div><time datetime=\"2026-04-15T01:18:18+02:00\" class=\"wp-block-rss__item-publish-date\">15 de abril de 2026<\/time> <div class=\"wp-block-rss__item-excerpt\">En el marco de un nuevo aniversario de la Comarca, la Municipalidad de Viedma, en conjunto con la Municipalidad de Patagones, llevar\u00e1 adelante la carrera deportiva \u201cVuelta a los Puentes\u201d, una propuesta que tiene como objetivo fomentar el deporte, promover h\u00e1bitos saludables e integrar a las comunidades de ambas ciudades. La entrada Se viene la carrera aniversario \u00abVuelta a los Puentes\u00bb, que unir\u00e1 Viedma y Carmen de Patagones se public\u00f3 primero [&hellip;]<\/div><\/li><li class='wp-block-rss__item'><div class='wp-block-rss__item-title'><a href='https:\/\/municipiosdeargentina.com\/con-5-meses-de-cobertura-finaliza-el-operativo-de-seguridad-en-playa-2025-2026\/'>Con 5 meses de cobertura, finaliza el Operativo de Seguridad en Playa 2025 \/ 2026<\/a><\/div><time datetime=\"2026-04-14T01:04:43+02:00\" class=\"wp-block-rss__item-publish-date\">14 de abril de 2026<\/time> <div class=\"wp-block-rss__item-excerpt\">Este mi\u00e9rcoles 15 de abril termina un nuevo Operativo de Seguridad en Playa en el Partido de La Costa, que se desarroll\u00f3 desde el 15 de noviembre del a\u00f1o pasado, con 5 meses de cobertura de guardavidas y puestos a lo largo de los 96 kil\u00f3metros de playa, aumentando de manera gradual hacia la temporada alta. La entrada Con 5 meses de cobertura, finaliza el Operativo de Seguridad en Playa 2025 [&hellip;]<\/div><\/li><li class='wp-block-rss__item'><div class='wp-block-rss__item-title'><a href='https:\/\/municipiosdeargentina.com\/la-costa-sera-sede-del-negociar-2026-el-encuentro-internacional-de-pymes-y-comercio-exterior\/'>La Costa ser\u00e1 sede del NegociAr 2026, el encuentro internacional de pymes y comercio exterior<\/a><\/div><time datetime=\"2026-04-09T22:49:19+02:00\" class=\"wp-block-rss__item-publish-date\">9 de abril de 2026<\/time> <div class=\"wp-block-rss__item-excerpt\">El Partido de La Costa ser\u00e1 nuevamente anfitri\u00f3n del NegociAr, el encuentro de vinculaci\u00f3n comercial que re\u00fane a peque\u00f1as y medianas empresas argentinas con representantes del comercio exterior de distintos pa\u00edses. La entrada La Costa ser\u00e1 sede del NegociAr 2026, el encuentro internacional de pymes y comercio exterior se public\u00f3 primero en Municipios de Argentina.<\/div><\/li><li class='wp-block-rss__item'><div class='wp-block-rss__item-title'><a href='https:\/\/municipiosdeargentina.com\/la-provincia-reglamento-el-fondo-para-municipios-y-llega-el-alivio-para-los-intendentes\/'>La Provincia reglament\u00f3 el fondo para municipios y llega el alivio para los intendentes<\/a><\/div><time datetime=\"2026-04-08T17:52:48+02:00\" class=\"wp-block-rss__item-publish-date\">8 de abril de 2026<\/time> <div class=\"wp-block-rss__item-excerpt\">El gobernador bonaerense, Axel Kicillof, firm\u00f3 el decreto necesario para reglamentar el fondo con el que va a inyectar recursos en los municipios a lo largo del a\u00f1o. Los detalles. La entrada La Provincia reglament\u00f3 el fondo para municipios y llega el alivio para los intendentes se public\u00f3 primero en Municipios de Argentina.<\/div><\/li><li class='wp-block-rss__item'><div class='wp-block-rss__item-title'><a href='https:\/\/municipiosdeargentina.com\/la-municipalidad-de-la-costa-lanzo-su-canal-oficial-de-whatsapp-para-informar-a-la-comunidad\/'>La Municipalidad de La Costa lanz\u00f3 su canal oficial de WhatsApp para informar a la comunidad<\/a><\/div><time datetime=\"2026-04-08T17:07:20+02:00\" class=\"wp-block-rss__item-publish-date\">8 de abril de 2026<\/time> <div class=\"wp-block-rss__item-excerpt\">La Municipalidad del Partido de La Costa puso en funcionamiento su canal oficial de WhatsApp, una herramienta pensada para mejorar la comunicaci\u00f3n directa con la comunidad y facilitar el acceso a informaci\u00f3n m\u00e1s relevante del d\u00eda a d\u00eda. La entrada La Municipalidad de La Costa lanz\u00f3 su canal oficial de WhatsApp para informar a la comunidad se public\u00f3 primero en Municipios de Argentina.<\/div><\/li><li class='wp-block-rss__item'><div class='wp-block-rss__item-title'><a href='https:\/\/municipiosdeargentina.com\/fernando-espinoza-el-pais-va-a-salir-adelante-con-mas-educacion-y-generacion-de-trabajo\/'>Fernando Espinoza: \u201cEl pa\u00eds va a salir adelante con m\u00e1s educaci\u00f3n y generaci\u00f3n de trabajo\u201d<\/a><\/div><time datetime=\"2026-04-07T19:44:56+02:00\" class=\"wp-block-rss__item-publish-date\">7 de abril de 2026<\/time> <div class=\"wp-block-rss__item-excerpt\">Frente a un escenario nacional que desincentiva la producci\u00f3n y promueve la entrada masiva de importaciones, La Matanza, Capital Industrial de Argentina, apuesta al trabajo, la innovaci\u00f3n y al fortalecimiento de su industria. La entrada Fernando Espinoza: \u201cEl pa\u00eds va a salir adelante con m\u00e1s educaci\u00f3n y generaci\u00f3n de trabajo\u201d se public\u00f3 primero en Municipios de Argentina.<\/div><\/li><li class='wp-block-rss__item'><div class='wp-block-rss__item-title'><a href='https:\/\/municipiosdeargentina.com\/continuan-las-ferias-y-mercados-en-los-barrios-de-moron\/'>Contin\u00faan las Ferias y Mercados en los barrios de Mor\u00f3n<\/a><\/div><time datetime=\"2026-04-07T00:03:15+02:00\" class=\"wp-block-rss__item-publish-date\">7 de abril de 2026<\/time> <div class=\"wp-block-rss__item-excerpt\">As\u00ed ser\u00e1 el cronograma de Mercados Bonaerenses para abril. Tambi\u00e9n sigue abierta la convocatoria para nuevos productores que quieran sumarse a las ferias. La entrada Contin\u00faan las Ferias y Mercados en los barrios de Mor\u00f3n se public\u00f3 primero en Municipios de Argentina.<\/div><\/li><li class='wp-block-rss__item'><div class='wp-block-rss__item-title'><a href='https:\/\/municipiosdeargentina.com\/fernando-espinoza-vamos-por-una-argentina-unida-y-siempre-en-defensa-de-la-soberania-y-nuestros-los-heroes-de-malvinas\/'>Fernando Espinoza: \u00abVamos por una Argentina unida y siempre en defensa de la soberan\u00eda y nuestros los h\u00e9roes de Malvinas\u201d<\/a><\/div><time datetime=\"2026-04-06T17:41:04+02:00\" class=\"wp-block-rss__item-publish-date\">6 de abril de 2026<\/time> <div class=\"wp-block-rss__item-excerpt\">Familias, j\u00f3venes, ni\u00f1as y ni\u00f1os de La Matanza se movilizaron para homenajear a los excombatientes en una de las fechas m\u00e1s importantes de la historia argentina, el 44\u00b0 aniversario del inicio de la Guerra de Malvinas, d\u00eda que se conmemora el Veterano, la Veterana y los Ca\u00eddos de Malvinas. La Matanza fue el distrito que m\u00e1s j\u00f3venes envi\u00f3 a combatir: 711 valientes, de los cuales 25 nunca volvieron de las islas, [&hellip;]<\/div><\/li><\/ul>","protected":false},"excerpt":{"rendered":"","protected":false},"author":1,"featured_media":0,"parent":340,"menu_order":0,"comment_status":"closed","ping_status":"closed","template":"","meta":{"_eb_attr":"","advanced_seo_description":"","jetpack_seo_html_title":"","jetpack_seo_noindex":false,"jetpack_post_was_ever_published":false,"footnotes":""},"class_list":["post-4536","page","type-page","status-publish","hentry"],"jetpack_sharing_enabled":true,"jetpack_likes_enabled":true,"jetpack-related-posts":[],"jetpack_shortlink":"https:\/\/wp.me\/P9kBAL-1ba","_links":{"self":[{"href":"https:\/\/bellavista.net.ar\/index.php?rest_route=\/wp\/v2\/pages\/4536","targetHints":{"allow":["GET"]}}],"collection":[{"href":"https:\/\/bellavista.net.ar\/index.php?rest_route=\/wp\/v2\/pages"}],"about":[{"href":"https:\/\/bellavista.net.ar\/index.php?rest_route=\/wp\/v2\/types\/page"}],"author":[{"embeddable":true,"href":"https:\/\/bellavista.net.ar\/index.php?rest_route=\/wp\/v2\/users\/1"}],"replies":[{"embeddable":true,"href":"https:\/\/bellavista.net.ar\/index.php?rest_route=%2Fwp%2Fv2%2Fcomments&post=4536"}],"version-history":[{"count":1,"href":"https:\/\/bellavista.net.ar\/index.php?rest_route=\/wp\/v2\/pages\/4536\/revisions"}],"predecessor-version":[{"id":4917,"href":"https:\/\/bellavista.net.ar\/index.php?rest_route=\/wp\/v2\/pages\/4536\/revisions\/4917"}],"up":[{"embeddable":true,"href":"https:\/\/bellavista.net.ar\/index.php?rest_route=\/wp\/v2\/pages\/340"}],"wp:attachment":[{"href":"https:\/\/bellavista.net.ar\/index.php?rest_route=%2Fwp%2Fv2%2Fmedia&parent=4536"}],"curies":[{"name":"wp","href":"https:\/\/api.w.org\/{rel}","templated":true}]}}