{"id":3909,"date":"2023-07-05T19:56:18","date_gmt":"2023-07-05T22:56:18","guid":{"rendered":"https:\/\/radiobellavista.ar\/?page_id=3909"},"modified":"2023-07-05T19:56:18","modified_gmt":"2023-07-05T22:56:18","slug":"centros-de-atencion-especializada","status":"publish","type":"page","link":"https:\/\/bellavista.net.ar\/?page_id=3909","title":{"rendered":"Centros de Atenci\u00f3n Especializada"},"content":{"rendered":"\n<p class=\"has-background\" style=\"background-color:#ebb4b2\"><strong><em>Centro Odontol\u00f3gico \u2013 CAPS M. Antoniazzi<br>Irigoin 4410 Barrio Sarmiento<br>6091-7100 int 4814<\/em><\/strong><\/p>\n\n\n\n<p class=\"has-background\" style=\"background-color:#eeb4b2\"><strong><em>Hospital Oftalmol\u00f3gico \u2013 Odontol\u00f3gico Central de San Miguel<br>Av. Pte. Per\u00f3n 403 esq. Alberdi Mu\u00f1iz<br>4664-0658 (Odontolog\u00eda) 4664-0371 (Oftalmolog\u00eda)<br>De Lun a vier 08 a 16 hs<\/em><\/strong><\/p>\n\n\n\n<p class=\"has-background\" style=\"background-color:#eeb4b2\"><strong><em>Hospital Oftalmol\u00f3gico Municipal Mons. Barbich<br>MTRO. FERREYRA 1791 ESQ ESPA\u00d1A Parque la Gloria<br>4465-5552<br>De Lun a vier 08 a 16 hs<\/em><\/strong><\/p>\n\n\n\n<p><\/p>\n\n\n\n<h2 class=\"wp-block-heading has-vivid-red-color has-text-color has-large-font-size\"><strong>Centros de Salud Mental y Adicciones<\/strong><\/h2>\n\n\n\n<p class=\"has-cyan-bluish-gray-background-color has-background\"><strong>Centro de Salud Mental Municipal<br>Granaderos a Caballo 3001 esq. Edison Barrio San Jorge<br>Whats App 11-5961-9566 (Solo mensajes de texto) Salud.Mental@msm.gov.ar<br>De Lun a Vie 08 a 18 \/\/ Retiro de recetas lunes a viernes 14 a 17 hs<\/strong><\/p>\n\n\n\n<p class=\"has-cyan-bluish-gray-background-color has-background\"><strong>NET \u2013 Centro de d\u00eda<br>Pichincha 1542 entre Espora y Belgrano San Miguel<br>1160046209<\/strong><\/p>\n","protected":false},"excerpt":{"rendered":"<p>Centro Odontol\u00f3gico \u2013 CAPS M. AntoniazziIrigoin 4410 Barrio Sarmiento6091-7100 int 4814 Hospital Oftalmol\u00f3gico \u2013 Odontol\u00f3gico Central de San MiguelAv. Pte. Per\u00f3n 403 esq. Alberdi Mu\u00f1iz4664-0658 (Odontolog\u00eda) 4664-0371 (Oftalmolog\u00eda)De Lun a vier 08 a 16 hs Hospital Oftalmol\u00f3gico Municipal Mons. BarbichMTRO. <a class=\"more-link\" href=\"https:\/\/bellavista.net.ar\/?page_id=3909\">Seguir leyendo <span class=\"screen-reader-text\">  Centros de Atenci\u00f3n Especializada<\/span><span class=\"meta-nav\">&rarr;<\/span><\/a><\/p>\n","protected":false},"author":1,"featured_media":0,"parent":3924,"menu_order":0,"comment_status":"closed","ping_status":"closed","template":"","meta":{"_eb_attr":"","advanced_seo_description":"","jetpack_seo_html_title":"","jetpack_seo_noindex":false,"jetpack_post_was_ever_published":false,"footnotes":""},"class_list":["post-3909","page","type-page","status-publish","hentry"],"jetpack_sharing_enabled":true,"jetpack_likes_enabled":true,"jetpack-related-posts":[],"jetpack_shortlink":"https:\/\/wp.me\/P9kBAL-113","_links":{"self":[{"href":"https:\/\/bellavista.net.ar\/index.php?rest_route=\/wp\/v2\/pages\/3909","targetHints":{"allow":["GET"]}}],"collection":[{"href":"https:\/\/bellavista.net.ar\/index.php?rest_route=\/wp\/v2\/pages"}],"about":[{"href":"https:\/\/bellavista.net.ar\/index.php?rest_route=\/wp\/v2\/types\/page"}],"author":[{"embeddable":true,"href":"https:\/\/bellavista.net.ar\/index.php?rest_route=\/wp\/v2\/users\/1"}],"replies":[{"embeddable":true,"href":"https:\/\/bellavista.net.ar\/index.php?rest_route=%2Fwp%2Fv2%2Fcomments&post=3909"}],"version-history":[{"count":0,"href":"https:\/\/bellavista.net.ar\/index.php?rest_route=\/wp\/v2\/pages\/3909\/revisions"}],"up":[{"embeddable":true,"href":"https:\/\/bellavista.net.ar\/index.php?rest_route=\/wp\/v2\/pages\/3924"}],"wp:attachment":[{"href":"https:\/\/bellavista.net.ar\/index.php?rest_route=%2Fwp%2Fv2%2Fmedia&parent=3909"}],"curies":[{"name":"wp","href":"https:\/\/api.w.org\/{rel}","templated":true}]}}

Centros de Atención Especializada

<p class="has-background" style="background-color:#ebb4b2"><strong><em>Centro Odontológico – CAPS M. Antoniazzi<br>Irigoin 4410 Barrio Sarmiento<br>6091-7100 int 4814</em></strong></p>



<p class="has-background" style="background-color:#eeb4b2"><strong><em>Hospital Oftalmológico – Odontológico Central de San Miguel<br>Av. Pte. Perón 403 esq. Alberdi Muñiz<br>4664-0658 (Odontología) 4664-0371 (Oftalmología)<br>De Lun a vier 08 a 16 hs</em></strong></p>



<p class="has-background" style="background-color:#eeb4b2"><strong><em>Hospital Oftalmológico Municipal Mons. Barbich<br>MTRO. FERREYRA 1791 ESQ ESPAÑA Parque la Gloria<br>4465-5552<br>De Lun a vier 08 a 16 hs</em></strong></p>



<p></p>



<h2 class="wp-block-heading has-vivid-red-color has-text-color has-large-font-size"><strong>Centros de Salud Mental y Adicciones</strong></h2>



<p class="has-cyan-bluish-gray-background-color has-background"><strong>Centro de Salud Mental Municipal<br>Granaderos a Caballo 3001 esq. Edison Barrio San Jorge<br>Whats App 11-5961-9566 (Solo mensajes de texto) Salud.Mental@msm.gov.ar<br>De Lun a Vie 08 a 18 // Retiro de recetas lunes a viernes 14 a 17 hs</strong></p>



<p class="has-cyan-bluish-gray-background-color has-background"><strong>NET – Centro de día<br>Pichincha 1542 entre Espora y Belgrano San Miguel<br>1160046209</strong></p>

<p>Centro Odontológico – CAPS M. AntoniazziIrigoin 4410 Barrio Sarmiento6091-7100 int 4814 Hospital Oftalmológico – Odontológico Central de San MiguelAv. Pte. Perón 403 esq. Alberdi Muñiz4664-0658 (Odontología) 4664-0371 (Oftalmología)De Lun a vier 08 a 16 hs Hospital Oftalmológico Municipal Mons. BarbichMTRO. <a class="more-link" href="https://bellavista.net.ar/?page_id=3909">Seguir leyendo <span class="screen-reader-text">  Centros de Atención Especializada</span><span class="meta-nav">&rarr;</span></a></p>
