{"id":3898,"date":"2023-07-05T19:37:54","date_gmt":"2023-07-05T22:37:54","guid":{"rendered":"https:\/\/radiobellavista.ar\/?page_id=3898"},"modified":"2023-07-05T19:37:54","modified_gmt":"2023-07-05T22:37:54","slug":"3898-2","status":"publish","type":"page","link":"https:\/\/bellavista.net.ar\/?page_id=3898","title":{"rendered":"Centros de Atenci\u00f3n Primaria"},"content":{"rendered":"\n<p class=\"has-black-color has-cyan-bluish-gray-background-color has-text-color has-background\"><strong><em>20 de Julio<br>ALVEAR 1889 El Colibr\u00ed<br>6091-7100 int 4802<br>De lunes a viernes 08 a 14 hs<\/em><\/strong><\/p>\n\n\n\n<p class=\"has-cyan-bluish-gray-background-color has-background\"><strong><em>29 de Septiembre<br>Arricau y Cruz del sur Sta. Br\u00edgida<br>6091-7100 int 4803<br>De lunes a viernes 08 a 16 hs<\/em><\/strong><\/p>\n\n\n\n<p class=\"has-cyan-bluish-gray-background-color has-background\"><strong><em>Ana Teresa Barthalot (BV Norte)<br>SCOTT 771 ESQ. MISIONES Bella Vista<br>6091-7100 int 4804<br>De Lunes a viernes 08 a 16hs hs<\/em><\/strong><\/p>\n\n\n\n<p class=\"has-cyan-bluish-gray-background-color has-background\"><strong><em>C.I.C. \u00abMar\u00eda Lobato\u00bb<br>AV. REMIGIO L\u00d3PEZ 710 ESQ. J. J. PASO Barrio Mitre<br>6091-7100 int 4807<br>De Lun a Vie 8 a 18 Sab 08 a 13 h<\/em><\/strong>s<\/p>\n\n\n\n<p class=\"has-cyan-bluish-gray-background-color has-background\"><strong><em>Camila Rol\u00f3n<br>LAS HERAS 956 Mu\u00f1iz<br>6091-7100 int 4805<br>De Lun a Vie 8 a 16 hs<\/em><\/strong><\/p>\n\n\n\n<p class=\"has-cyan-bluish-gray-background-color has-background\"><strong><em>C\u00e1ndido Castello (cuartel 2)<br>BRAMANTE 181 ESQ. A. DEL VALLE Cuartel II<br>6091-7100 int 4806<br>De Lun a vier 08 a 16 hs<\/em><\/strong><\/p>\n\n\n\n<p class=\"has-cyan-bluish-gray-background-color has-background\"><strong><em>Cjal. Rodolfo Podest\u00e1<br>CHARLONE 4453 ESQ. EL ZONDA Mitre<br>6091-7100 int 4808<br>De Lun a vier 08 a 16 hs<\/em><\/strong><\/p>\n\n\n\n<p class=\"has-cyan-bluish-gray-background-color has-background\"><strong><em>Cura Brochero<br>TAPALQUE Y PRESIDENTE ILLIA Barrufaldi<br>6091-7100 int 4801<br>De lunes a viernes 08 a 17 hs<\/em><\/strong><\/p>\n\n\n\n<p class=\"has-black-color has-cyan-bluish-gray-background-color has-text-color has-background\"><strong><em>Dr. Alberto Sab\u00edn<br>G\u00c9NOVA 1740 , esq. Espa\u00f1a Los Para\u00edsos<br>6091-7100 int 4809<br>De Lun a vie 8 a 16 hs<\/em><\/strong><\/p>\n\n\n\n<p class=\"has-cyan-bluish-gray-background-color has-background\"><strong><em>Dr. Federico Leloir (Obligado)<br>SALTA 2745 Obligado<br>6091-7100 int 4810<br>De Lun a vie 8 a 18 hs<\/em><\/strong><\/p>\n\n\n\n<p class=\"has-cyan-bluish-gray-background-color has-background\"><strong><em>Dr. Luis Su\u00e1rez Par\u00eds<br>TOM\u00c1S EDISON 3283 ESQ. PLAT\u00d3N Don Alfonso<br>6091-7100 int 4811<br>De Lun a vier 08 a 16 hs<\/em><\/strong><\/p>\n\n\n\n<p class=\"has-cyan-bluish-gray-background-color has-background\"><strong><em>Dr. Ra\u00fal Matera<br>Emilio Lamarca 824 Maril\u00f3<br>6091-7100 int 4812<br>De Lun a Vie 8 a 16 hs<\/em><\/strong><\/p>\n\n\n\n<p class=\"has-cyan-bluish-gray-background-color has-background\"><strong><em>Dr. Ren\u00e9 Favaloro<br>A. DEL VALLE 5219 ESQ. LAS TRES MAR\u00cdAS Trujui<br>6091-7100 int 4813<br>De Lun a vier 08 a 16 hs<\/em><\/strong><\/p>\n\n\n\n<p class=\"has-cyan-bluish-gray-background-color has-background\"><strong><em>Dra. Marta Antoniazzi<br>IRIGOIN 4410 ESQ. REMIGIO L\u00d3PEZ Barrio Sarmiento<br>6091-7100 int 4814<br>De Lun a Vier 08 a 17 Sab 08 a 13 hs<\/em><\/strong><\/p>\n\n\n\n<p class=\"has-cyan-bluish-gray-background-color has-background\"><strong><em>Padre Mora<br>Callao y Garc\u00eda Lorca Rosa M\u00edstica<br>6091-7100 int 4815<br>De Lun a vie 8 a 16 hs<\/em><\/strong><\/p>\n\n\n\n<p class=\"has-cyan-bluish-gray-background-color has-background\"><strong><em>Pte. Per\u00f3n<br>LA PINTA 3291 ESQ. MARCONI Sta. Br\u00edgida<br>6091-7100 int 4816<br>De Lun a vie 8 a 16 Martes 08 a 18 hs<\/em><\/strong><\/p>\n\n\n\n<p class=\"has-cyan-bluish-gray-background-color has-background\"><strong><em>Ram\u00f3n Carrillo<br>CORRIENTES 5743 ESQ. A. VESPUCIO San Ambrosio<br>6091-7100 int 4817<br>De Lun a vier 08 a 16 hs<\/em><\/strong><\/p>\n\n\n\n<p class=\"has-cyan-bluish-gray-background-color has-background\"><strong><em>San Miguel Oeste<br>MTRO. FERREYRA 1791 ESQ ESPA\u00d1A Parque la Gloria<br>6091-7100 int 4818<br>De Lun a vie 8 a 16 hs<\/em><\/strong><\/p>\n","protected":false},"excerpt":{"rendered":"<p>20 de JulioALVEAR 1889 El Colibr\u00ed6091-7100 int 4802De lunes a viernes 08 a 14 hs 29 de SeptiembreArricau y Cruz del sur Sta. Br\u00edgida6091-7100 int 4803De lunes a viernes 08 a 16 hs Ana Teresa Barthalot (BV Norte)SCOTT 771 ESQ. <a class=\"more-link\" href=\"https:\/\/bellavista.net.ar\/?page_id=3898\">Seguir leyendo <span class=\"screen-reader-text\">  Centros de Atenci\u00f3n Primaria<\/span><span class=\"meta-nav\">&rarr;<\/span><\/a><\/p>\n","protected":false},"author":1,"featured_media":0,"parent":3924,"menu_order":0,"comment_status":"closed","ping_status":"closed","template":"","meta":{"_eb_attr":"","advanced_seo_description":"","jetpack_seo_html_title":"","jetpack_seo_noindex":false,"jetpack_post_was_ever_published":false,"footnotes":""},"class_list":["post-3898","page","type-page","status-publish","hentry"],"jetpack_sharing_enabled":true,"jetpack_likes_enabled":true,"jetpack-related-posts":[],"jetpack_shortlink":"https:\/\/wp.me\/P9kBAL-10S","_links":{"self":[{"href":"https:\/\/bellavista.net.ar\/index.php?rest_route=\/wp\/v2\/pages\/3898","targetHints":{"allow":["GET"]}}],"collection":[{"href":"https:\/\/bellavista.net.ar\/index.php?rest_route=\/wp\/v2\/pages"}],"about":[{"href":"https:\/\/bellavista.net.ar\/index.php?rest_route=\/wp\/v2\/types\/page"}],"author":[{"embeddable":true,"href":"https:\/\/bellavista.net.ar\/index.php?rest_route=\/wp\/v2\/users\/1"}],"replies":[{"embeddable":true,"href":"https:\/\/bellavista.net.ar\/index.php?rest_route=%2Fwp%2Fv2%2Fcomments&post=3898"}],"version-history":[{"count":0,"href":"https:\/\/bellavista.net.ar\/index.php?rest_route=\/wp\/v2\/pages\/3898\/revisions"}],"up":[{"embeddable":true,"href":"https:\/\/bellavista.net.ar\/index.php?rest_route=\/wp\/v2\/pages\/3924"}],"wp:attachment":[{"href":"https:\/\/bellavista.net.ar\/index.php?rest_route=%2Fwp%2Fv2%2Fmedia&parent=3898"}],"curies":[{"name":"wp","href":"https:\/\/api.w.org\/{rel}","templated":true}]}}

Centros de Atención Primaria

<p class="has-black-color has-cyan-bluish-gray-background-color has-text-color has-background"><strong><em>20 de Julio<br>ALVEAR 1889 El Colibrí<br>6091-7100 int 4802<br>De lunes a viernes 08 a 14 hs</em></strong></p>



<p class="has-cyan-bluish-gray-background-color has-background"><strong><em>29 de Septiembre<br>Arricau y Cruz del sur Sta. Brígida<br>6091-7100 int 4803<br>De lunes a viernes 08 a 16 hs</em></strong></p>



<p class="has-cyan-bluish-gray-background-color has-background"><strong><em>Ana Teresa Barthalot (BV Norte)<br>SCOTT 771 ESQ. MISIONES Bella Vista<br>6091-7100 int 4804<br>De Lunes a viernes 08 a 16hs hs</em></strong></p>



<p class="has-cyan-bluish-gray-background-color has-background"><strong><em>C.I.C. «María Lobato»<br>AV. REMIGIO LÓPEZ 710 ESQ. J. J. PASO Barrio Mitre<br>6091-7100 int 4807<br>De Lun a Vie 8 a 18 Sab 08 a 13 h</em></strong>s</p>



<p class="has-cyan-bluish-gray-background-color has-background"><strong><em>Camila Rolón<br>LAS HERAS 956 Muñiz<br>6091-7100 int 4805<br>De Lun a Vie 8 a 16 hs</em></strong></p>



<p class="has-cyan-bluish-gray-background-color has-background"><strong><em>Cándido Castello (cuartel 2)<br>BRAMANTE 181 ESQ. A. DEL VALLE Cuartel II<br>6091-7100 int 4806<br>De Lun a vier 08 a 16 hs</em></strong></p>



<p class="has-cyan-bluish-gray-background-color has-background"><strong><em>Cjal. Rodolfo Podestá<br>CHARLONE 4453 ESQ. EL ZONDA Mitre<br>6091-7100 int 4808<br>De Lun a vier 08 a 16 hs</em></strong></p>



<p class="has-cyan-bluish-gray-background-color has-background"><strong><em>Cura Brochero<br>TAPALQUE Y PRESIDENTE ILLIA Barrufaldi<br>6091-7100 int 4801<br>De lunes a viernes 08 a 17 hs</em></strong></p>



<p class="has-black-color has-cyan-bluish-gray-background-color has-text-color has-background"><strong><em>Dr. Alberto Sabín<br>GÉNOVA 1740 , esq. España Los Paraísos<br>6091-7100 int 4809<br>De Lun a vie 8 a 16 hs</em></strong></p>



<p class="has-cyan-bluish-gray-background-color has-background"><strong><em>Dr. Federico Leloir (Obligado)<br>SALTA 2745 Obligado<br>6091-7100 int 4810<br>De Lun a vie 8 a 18 hs</em></strong></p>



<p class="has-cyan-bluish-gray-background-color has-background"><strong><em>Dr. Luis Suárez París<br>TOMÁS EDISON 3283 ESQ. PLATÓN Don Alfonso<br>6091-7100 int 4811<br>De Lun a vier 08 a 16 hs</em></strong></p>



<p class="has-cyan-bluish-gray-background-color has-background"><strong><em>Dr. Raúl Matera<br>Emilio Lamarca 824 Mariló<br>6091-7100 int 4812<br>De Lun a Vie 8 a 16 hs</em></strong></p>



<p class="has-cyan-bluish-gray-background-color has-background"><strong><em>Dr. René Favaloro<br>A. DEL VALLE 5219 ESQ. LAS TRES MARÍAS Trujui<br>6091-7100 int 4813<br>De Lun a vier 08 a 16 hs</em></strong></p>



<p class="has-cyan-bluish-gray-background-color has-background"><strong><em>Dra. Marta Antoniazzi<br>IRIGOIN 4410 ESQ. REMIGIO LÓPEZ Barrio Sarmiento<br>6091-7100 int 4814<br>De Lun a Vier 08 a 17 Sab 08 a 13 hs</em></strong></p>



<p class="has-cyan-bluish-gray-background-color has-background"><strong><em>Padre Mora<br>Callao y García Lorca Rosa Mística<br>6091-7100 int 4815<br>De Lun a vie 8 a 16 hs</em></strong></p>



<p class="has-cyan-bluish-gray-background-color has-background"><strong><em>Pte. Perón<br>LA PINTA 3291 ESQ. MARCONI Sta. Brígida<br>6091-7100 int 4816<br>De Lun a vie 8 a 16 Martes 08 a 18 hs</em></strong></p>



<p class="has-cyan-bluish-gray-background-color has-background"><strong><em>Ramón Carrillo<br>CORRIENTES 5743 ESQ. A. VESPUCIO San Ambrosio<br>6091-7100 int 4817<br>De Lun a vier 08 a 16 hs</em></strong></p>



<p class="has-cyan-bluish-gray-background-color has-background"><strong><em>San Miguel Oeste<br>MTRO. FERREYRA 1791 ESQ ESPAÑA Parque la Gloria<br>6091-7100 int 4818<br>De Lun a vie 8 a 16 hs</em></strong></p>

<p>20 de JulioALVEAR 1889 El Colibrí6091-7100 int 4802De lunes a viernes 08 a 14 hs 29 de SeptiembreArricau y Cruz del sur Sta. Brígida6091-7100 int 4803De lunes a viernes 08 a 16 hs Ana Teresa Barthalot (BV Norte)SCOTT 771 ESQ. <a class="more-link" href="https://bellavista.net.ar/?page_id=3898">Seguir leyendo <span class="screen-reader-text">  Centros de Atención Primaria</span><span class="meta-nav">&rarr;</span></a></p>
